s the remainder when 1493 is divided by (-104)/(-234) + (-11)/((-198)/910)?
14
Let f(b) = 3*b**3 - 7*b**2 + 11*b - 5. Let r be f(5). Let u = 146 - r. Let c = u - -109. What is the remainder when 38 is divided by c?
3
Let n(f) = f**3 + 11*f**2 + 7*f - 37. Let s be n(-9). Suppose -61*k = -s*k + 15. Calculate the remainder when (42/8)/(3/32) is divided by k.
11
Suppose 3*m - 393 = -3*l, 4*l + 427 = 2*m + 147. Let g = 50 + -23. Calculate the remainder when m is divided by g.
26
Let m be (1 + (-825)/(-9))/(18/27). Suppose -m = v - 156. Calculate the remainder when 235 is divided by v.
14
Let t = 4204 - 4154. What is the remainder when 4697 is divided by t?
47
Let c be (-100)/(-6)*(1 - 7)/(-2). Let s = -50 + c. Suppose 5*l - 172 - 193 = s. Calculate the remainder when l is divided by 15.
13
Let t = 179 + -151. Suppose -5*b - t = -2*p - 88, b - 12 = -5*p. Calculate the remainder when 47 is divided by b.
11
Suppose 0 = -2*a - 203*c + 205*c + 88, -2*a = -3*c - 98. Let o = -23 - -39. Calculate the remainder when (4 - o)/((-2)/21) is divided by a.
24
Suppose 4*k + 36 = 8*k. Let u = 5 + k. What is the remainder when (-9)/((-9)/(-2)) - (-35 + -8) is divided by u?
13
Suppose -4*n + 2*t = -116, -5*n + 2*t + 118 = -27. Suppose 0 = -5*s - 486 - 889. Let h = s - -416. What is the remainder when h is divided by n?
25
Suppose 44*d - 5630 = 398. Suppose -74 = -2*k - k + 5*u, 3*u - 146 = -5*k. What is the remainder when d is divided by k?
25
Let h = -26630 - -26649. Let b = -57 - -126. Calculate the remainder when b is divided by h.
12
Let r(v) = -356*v + 255. Calculate the remainder when r(-3) is divided by 327.
15
Suppose -194*k + 152*k = -140238. Calculate the remainder when k is divided by 20.
19
Let r be (1/(-1) - -6) + (0 - 1). Suppose 3*m = 3*l - 270, -2*l = -r*l - 4*m + 204. What is the remainder when l is divided by 12?
10
Suppose 15*w - 1234 - 2632 = -1061. Calculate the remainder when 350 is divided by w.
163
Suppose 13*r + 12 = 246. Let c(x) = -21*x**3 + x. Let d be c(-1). Let b = d - r. What is the remainder when 3 is divided by b?
1
Suppose 241*q - 5 = 246*q, 5*q = -o + 26. Suppose -5*d + 291 + 169 = 0. What is the remainder when d is divided by o?
30
Let j be 18/4 - 24/16. Suppose 3*a - 24 = -j. Suppose -5*c = 2*f - 8 - a, 3 = c - 5*f. Calculate the remainder when 4 is divided by c.
1
Suppose 2*x + 540 = 4*p, -8*p + 4*x = -6*p - 282. Suppose -5*n = -4*n - 34. Calculate the remainder when p is divided by n.
31
Suppose -3*f - 4*a + 152 = 0, 0*f - 2*f + 3*a = -73. What is the remainder when 73 + (-4)/(-2) + (-1 - -5) is divided by f?
35
Suppose -713 - 3524 = -65*w + 2523. Calculate the remainder when 733 is divided by w.
5
Let m be ((-5)/15)/((-3)/36). Let i(j) = j**3 + 0*j - 3*j**2 + 6 - m*j**2 + 10 - 18*j. What is the remainder when 77 is divided by i(9)?
13
Let j(q) = q**2. Let z(v) = -2*v**2 + 16*v + 49. Let g(f) = -3*j(f) - z(f). Calculate the remainder when g(-11) is divided by (-2)/(-8) + (-44)/(-16).
0
Let a(t) = -2*t**2 + 39*t. Let i be a(7). Suppose -37*y + i = -32*y. What is the remainder when 96 is divided by y?
26
Let d be (180/(-24))/(27/36). Suppose -k - 1 = -3*o, -o + 22 = k + 3*k. What is the remainder when 189 is divided by -3 - (d/(-3))/(o/(-21))?
29
Suppose -n + w + 11 = 0, 5*w + 12 = n - 19. Suppose n*p - 9 = 171. Suppose 3*q - 3*u - p = 30, -4*u = 20. What is the remainder when 27 is divided by q?
12
Suppose 0 = -13*y + 91, 0 = -s - 18*y + 14*y + 40. Calculate the remainder when 1020 is divided by s.
0
Let f = 17374 + -16467. What is the remainder when f is divided by 24?
19
Let u = 14210 + -14151. What is the remainder when 518 is divided by u?
46
Let j be (-1)/(49/(-48) - -1). Let q = 93 - j. Suppose -118 = -20*v + 122. Calculate the remainder when q is divided by v.
9
What is the remainder when 3145 is divided by (-1*5)/(119/(-24752))?
25
Suppose 2*z = 4*z + 44. Let r = -34 + z. Let m = r - -79. Calculate the remainder when 136 is divided by m.
21
Let o = -829 - -920. Let m = -73 + o. Calculate the remainder when 4*(-3)/(24/(-98)) is divided by m.
13
Let p(b) = 14*b**2 - 209*b + 40. What is the remainder when 14629 is divided by p(15)?
54
Let n = -6780 + 7293. What is the remainder when n is divided by 26?
19
Let n be (-161)/(-2)*(-876)/511*1/2. Suppose -2 = 4*o - y, -2*y = 3*o - y + 5. What is the remainder when o*-2*(4 - n/6) is divided by 3?
1
Suppose 5*m - 80 = 2*n - 6*n, -m + 3*n = 3. Suppose -g - m = -117. Calculate the remainder when g is divided by 40.
25
Let p(o) = -o**3 - 2*o**2 - 2*o + 12. Let c = 63 + 37. What is the remainder when c is divided by p(-4)?
48
Let f = 129 - 129. Suppose f = -30*w + 11*w + 836. What is the remainder when 148 is divided by w?
16
Calculate the remainder when 109 is divided by (-210)/140*(-13 + -1).
4
Let x = 5722 - 5252. Calculate the remainder when x is divided by 39.
2
Let m = 1421 + -1225. Suppose 29 + 57 = -2*r. Let i = m + r. Calculate the remainder when i is divided by 13.
10
Suppose 0 = -2*h + 4*p + 14, 4*h + 4*p = 5*h - 5. Let f be 39/(6 - (-4 + h)). Suppose 40*c = f*c + 54. Calculate the remainder when c is divided by 8.
6
Let r = -116 - -129. Suppose -5*z - 5 = 3*d, -4*d + 3*d = -2*z - r. Suppose 2*f - n - 34 = n, d*n = 4*f - 66. Calculate the remainder when 94 is divided by f.
18
Suppose -25*o + 2319 = -81. Calculate the remainder when 170 is divided by o.
74
Suppose -18 = -g - 2*h + h, -6 = -3*h. Suppose -j + 1 = b, 2*b + 0 = 5*j + g. Calculate the remainder when ((-4)/3)/((-2)/6) is divided by b.
1
Suppose 19*k = 16*k + 12. Let w = 124 - 57. Calculate the remainder when w is divided by (-2)/6*(k + -55).
16
Let s be 44/33*6/4. Let f = s - -2. Suppose -33 = 28*d - 31*d. What is the remainder when d is divided by f?
3
Suppose -15*y = -862 + 22. What is the remainder when 127 is divided by y?
15
Let v(d) = 31 - 5*d + d - 32 + 0*d + 171*d**2. What is the remainder when v(1) is divided by 13?
10
Let m(s) = s**3 + s + 59. Let x be m(0). Suppose 4*q + 4*z + 28 = 0, -3*q + 8*q - 3*z + x = 0. Let w = 82 + q. Calculate the remainder when w is divided by 16.
8
Suppose 159*v - 2808 = 132*v. What is the remainder when 522 is divided by v?
2
Let x = -10124 + 10653. Calculate the remainder when x is divided by 109.
93
Suppose 2*n - 775 = -3*n. Suppose 5*g - n = -5*m, 2*g - 5*m - 41 = -0. What is the remainder when g is divided by 12?
4
Let k be ((-2)/(8/(-12)))/(4/(-188)). Let h = -124 - k. Suppose 86 = 6*x - 112. What is the remainder when x is divided by h?
16
Let d = 9540 + -9535. Suppose 0 = 5*a - a - 48. Calculate the remainder when a is divided by d.
2
Let f(u) = 17*u**2 + 5*u + 1. Let x be f(-1). Suppose -74 = -x*k + 277. Calculate the remainder when 347 is divided by k.
23
Suppose 4*q = -5*c + 10*c - 127, 3*c - 3*q = 75. Let f = -699 - -1015. Suppose -3*z + f = 76. What is the remainder when z is divided by c?
26
Suppose -64*f = 225*f - 22831. What is the remainder when (-1 - -3)/((-2)/(-391)) is divided by f?
75
Suppose 3*b - 3 = 0, 241*r = 244*r + 2*b - 89. Let v be 2 + -1 + 1 - -1. Suppose -v*p - 2*p = -265. What is the remainder when p is divided by r?
24
Let v(o) be the third derivative of o**4/24 + 5*o**3/2 - 5*o**2. Let f be v(-6). Suppose 124 = 5*w + f. What is the remainder when 136 is divided by w?
21
Suppose -302 = -g + 3*a, 617 = -5*g + 13*a + 2117. What is the remainder when 609 is divided by g?
35
Suppose 108*s - 8708 - 105807 + 18071 = 0. What is the remainder when s is divided by 75?
68
Let q be (-9)/63 + (-12351)/(-21). Let a = -242 + q. Calculate the remainder when a is divided by 70.
66
Let x = -212 - -260. Let s = 32 - 5. Calculate the remainder when x is divided by s.
21
Suppose 0 = -86*b - 25191 + 28803. Suppose 0 = w - 332 - 87. Calculate the remainder when w is divided by b.
41
What is the remainder when 196 is divided by -3 + 18/4 + (-4560)/(-96)?
0
Let k = 398 + -364. What is the remainder when 2 - -12*(k/4 - 4) is divided by 5?
1
Let d = -1197 - -1216. What is the remainder when 1229 is divided by d?
13
Let t = -12 + 20. Let f(i) = 7*i + 14. Let r be f(-8). Calculate the remainder when (3*(-12)/27)/(4/r) is divided by t.
6
Suppose 0 = -262*l + 253*l + 207. What is the remainder when 24 is divided by l?
1
Calculate the remainder when 2278 is divided by 4